{"id":6190,"date":"2023-03-20T11:39:22","date_gmt":"2023-03-20T11:39:22","guid":{"rendered":"https:\/\/guvenliyasam.net\/?post_type=product&#038;p=6190"},"modified":"2023-04-05T09:18:51","modified_gmt":"2023-04-05T09:18:51","slug":"45-m2-iki-katli-21-prefabrik-ev","status":"publish","type":"product","link":"https:\/\/guvenliyasam.net\/?product=45-m2-iki-katli-21-prefabrik-ev","title":{"rendered":"Garden 149m2 C\u0327elik Ev"},"content":{"rendered":"<p>Garden geni\u015f ya\u015fam alanlar\u0131 sunan ekstra konforlu bir yap\u0131d\u0131r. Oturma odas\u0131 ve yemek alan\u0131, aile veya misafirler i\u00e7in keyifli bir sosyalle\u015fme alan\u0131 sunar.<\/p>\n<p>Garden 149m2 \u00c7elik Ev, modern ve kaliteli bir ya\u015fam alan\u0131 sunar. Geni\u015f i\u00e7 tasar\u0131m\u0131, sa\u011flam yap\u0131s\u0131 ve enerji tasarruflu malzemeleri ile m\u00fc\u015fterilerimiz i\u00e7in ideal bir se\u00e7enektir. Evin \u00f6zelle\u015ftirilebilir olmas\u0131, m\u00fc\u015fterilerimize kendilerine \u00f6zg\u00fc bir ya\u015fam alan\u0131 yaratma imkan\u0131 sunar.<\/p>\n<p>Ayr\u0131ca, bu ev, h\u0131zl\u0131 montaj\u0131 ve kolay ta\u015f\u0131nabilirli\u011fi sayesinde m\u00fc\u015fterilerimizin ihtiya\u00e7lar\u0131na h\u0131zl\u0131 ve ekonomik bir \u015fekilde cevap verir.<\/p>\n","protected":false},"excerpt":{"rendered":"<p>Garden 149, \u00e7elik yap\u0131m teknolojisi kullan\u0131larak \u00fcretilir ve m\u00fc\u015fterilerimizin talepleri do\u011frultusunda \u00f6zelle\u015ftirilebilir. \u00c7elik malzemeler, y\u00fcksek dayan\u0131kl\u0131l\u0131\u011f\u0131 ve sa\u011flaml\u0131\u011f\u0131 ile \u00f6ne \u00e7\u0131kar. Ayr\u0131ca, \u00e7elik malzemeler, yang\u0131na kar\u015f\u0131 y\u00fcksek diren\u00e7 g\u00f6sterir ve kolayca temizlenir.<\/p>\n","protected":false},"featured_media":6663,"template":"","meta":[],"product_cat":[52],"product_tag":[],"_links":{"self":[{"href":"https:\/\/guvenliyasam.net\/index.php?rest_route=\/wp\/v2\/product\/6190"}],"collection":[{"href":"https:\/\/guvenliyasam.net\/index.php?rest_route=\/wp\/v2\/product"}],"about":[{"href":"https:\/\/guvenliyasam.net\/index.php?rest_route=\/wp\/v2\/types\/product"}],"wp:featuredmedia":[{"embeddable":true,"href":"https:\/\/guvenliyasam.net\/index.php?rest_route=\/wp\/v2\/media\/6663"}],"wp:attachment":[{"href":"https:\/\/guvenliyasam.net\/index.php?rest_route=%2Fwp%2Fv2%2Fmedia&parent=6190"}],"wp:term":[{"taxonomy":"product_cat","embeddable":true,"href":"https:\/\/guvenliyasam.net\/index.php?rest_route=%2Fwp%2Fv2%2Fproduct_cat&post=6190"},{"taxonomy":"product_tag","embeddable":true,"href":"https:\/\/guvenliyasam.net\/index.php?rest_route=%2Fwp%2Fv2%2Fproduct_tag&post=6190"}],"curies":[{"name":"wp","href":"https:\/\/api.w.org\/{rel}","templated":true}]}}