{"id":6135,"date":"2023-03-20T10:26:33","date_gmt":"2023-03-20T10:26:33","guid":{"rendered":"https:\/\/guvenliyasam.net\/?post_type=product&#038;p=6135"},"modified":"2023-04-04T07:23:09","modified_gmt":"2023-04-04T07:23:09","slug":"33-m2-tek-katli-11-prefabrik-ev","status":"publish","type":"product","link":"https:\/\/guvenliyasam.net\/?product=33-m2-tek-katli-11-prefabrik-ev","title":{"rendered":"Nova 65m2 Tek Katl\u0131 Konteyner Ev"},"content":{"rendered":"<p>Nova 65m2 tek katl\u0131 konteyner evinin d\u0131\u015f mekan\u0131, yal\u0131n ve modern bir tasar\u0131ma sahiptir. D\u0131\u015f cephesi, dayan\u0131kl\u0131 ve hava ko\u015fullar\u0131na dayan\u0131kl\u0131 malzemelerden yap\u0131lm\u0131\u015ft\u0131r. Modern tasar\u0131m\u0131 ve geni\u015f ya\u015fam alan\u0131yla konforlu bir ya\u015fam sunar. Hem i\u00e7 hem de d\u0131\u015f mekanlar\u0131yla \u015f\u0131k bir g\u00f6r\u00fcn\u00fcm sunan bu konteyner ev, \u00e7iftler veya k\u00fc\u00e7\u00fck aileler i\u00e7in m\u00fckemmel bir se\u00e7enektir. Nova konteyner ev, enerji tasarruflu ve \u00e7evre dostu bir ya\u015fam sunar. \u0130zolasyonu ve do\u011fal \u0131s\u0131tma ve so\u011futma sistemleri sayesinde, konforlu bir ya\u015fam alan\u0131 sa\u011flar. Nova m2 tek katl\u0131 konteyner ev, sipari\u015f \u00fczerine \u00f6zelle\u015ftirilebilir. Sizlerin ihtiyac\u0131na g\u00f6re tasarlanan ev, montaj\u0131 ve kurulumu kolay bir \u015fekilde tamamlan\u0131r.<\/p>\n","protected":false},"excerpt":{"rendered":"<p>Nova 65m2 tek katl\u0131 konteyner ev, modern ve \u015f\u0131k bir ya\u015fam alan\u0131 sunar. Dayan\u0131kl\u0131, enerji tasarruflu ve \u00e7evre dostu bir yap\u0131ya sahip olan bu konteyner ev, farkl\u0131 ihtiya\u00e7lara uygun bir \u015fekilde \u00f6zelle\u015ftirilebilir ve kurulumu kolayd\u0131r.<\/p>\n","protected":false},"featured_media":6504,"template":"","meta":[],"product_cat":[55],"product_tag":[],"_links":{"self":[{"href":"https:\/\/guvenliyasam.net\/index.php?rest_route=\/wp\/v2\/product\/6135"}],"collection":[{"href":"https:\/\/guvenliyasam.net\/index.php?rest_route=\/wp\/v2\/product"}],"about":[{"href":"https:\/\/guvenliyasam.net\/index.php?rest_route=\/wp\/v2\/types\/product"}],"wp:featuredmedia":[{"embeddable":true,"href":"https:\/\/guvenliyasam.net\/index.php?rest_route=\/wp\/v2\/media\/6504"}],"wp:attachment":[{"href":"https:\/\/guvenliyasam.net\/index.php?rest_route=%2Fwp%2Fv2%2Fmedia&parent=6135"}],"wp:term":[{"taxonomy":"product_cat","embeddable":true,"href":"https:\/\/guvenliyasam.net\/index.php?rest_route=%2Fwp%2Fv2%2Fproduct_cat&post=6135"},{"taxonomy":"product_tag","embeddable":true,"href":"https:\/\/guvenliyasam.net\/index.php?rest_route=%2Fwp%2Fv2%2Fproduct_tag&post=6135"}],"curies":[{"name":"wp","href":"https:\/\/api.w.org\/{rel}","templated":true}]}}