{"id":6219,"date":"2023-03-20T12:08:40","date_gmt":"2023-03-20T12:08:40","guid":{"rendered":"https:\/\/guvenliyasam.net\/?page_id=6219"},"modified":"2023-04-04T06:15:41","modified_gmt":"2023-04-04T06:15:41","slug":"celik-evler","status":"publish","type":"page","link":"https:\/\/guvenliyasam.net\/?page_id=6219","title":{"rendered":"\u00c7elik Evler"},"content":{"rendered":"\t\t<div data-elementor-type=\"wp-page\" data-elementor-id=\"6219\" class=\"elementor elementor-6219\">\n\t\t\t\t\t\t\t\t\t<section class=\"elementor-section elementor-top-section elementor-element elementor-element-7ede653 elementor-section-boxed elementor-section-height-default elementor-section-height-default\" data-id=\"7ede653\" data-element_type=\"section\">\n\t\t\t\t\t\t<div class=\"elementor-container elementor-column-gap-default\">\n\t\t\t\t\t<div class=\"elementor-column elementor-col-100 elementor-top-column elementor-element elementor-element-a07dff0\" data-id=\"a07dff0\" data-element_type=\"column\">\n\t\t\t<div class=\"elementor-widget-wrap elementor-element-populated\">\n\t\t\t\t\t\t\t\t<div class=\"elementor-element elementor-element-be0558c elementor-widget elementor-widget-heading\" data-id=\"be0558c\" data-element_type=\"widget\" data-widget_type=\"heading.default\">\n\t\t\t\t<div class=\"elementor-widget-container\">\n\t\t\t<style>\/*! elementor - v3.11.5 - 14-03-2023 *\/\n.elementor-heading-title{padding:0;margin:0;line-height:1}.elementor-widget-heading .elementor-heading-title[class*=elementor-size-]>a{color:inherit;font-size:inherit;line-height:inherit}.elementor-widget-heading .elementor-heading-title.elementor-size-small{font-size:15px}.elementor-widget-heading .elementor-heading-title.elementor-size-medium{font-size:19px}.elementor-widget-heading .elementor-heading-title.elementor-size-large{font-size:29px}.elementor-widget-heading .elementor-heading-title.elementor-size-xl{font-size:39px}.elementor-widget-heading .elementor-heading-title.elementor-size-xxl{font-size:59px}<\/style><h2 class=\"elementor-heading-title elementor-size-default\">\u00c7elik Evler<\/h2>\t\t<\/div>\n\t\t\t\t<\/div>\n\t\t\t\t<div class=\"elementor-element elementor-element-d67c8f9 elementor-widget elementor-widget-heading\" data-id=\"d67c8f9\" data-element_type=\"widget\" data-widget_type=\"heading.default\">\n\t\t\t\t<div class=\"elementor-widget-container\">\n\t\t\t<h2 class=\"elementor-heading-title elementor-size-default\">\u00c7elik evler, modern, ekonomik ve dayan\u0131kl\u0131 bir konut se\u00e7ene\u011fidir. \u00c7elik evler, hafif \u00e7elik profillerden yap\u0131lm\u0131\u015ft\u0131r ve di\u011fer konut se\u00e7eneklerine g\u00f6re daha k\u0131sa bir in\u015faat s\u00fcresine sahiptir. Ayr\u0131ca \u00e7elik evler enerji verimlili\u011fi a\u00e7\u0131s\u0131ndan da olduk\u00e7a avantajl\u0131d\u0131r. Firmam\u0131z, \u00e7elik evlerin tasar\u0131m\u0131, \u00fcretimi ve sat\u0131\u015f\u0131 konusunda uzmanla\u015fm\u0131\u015ft\u0131r. M\u00fc\u015fterilerimize \u00f6zel olarak tasarlanm\u0131\u015f ve ihtiya\u00e7lar\u0131na uygun \u015fekilde \u00fcretilen \u00e7elik evler sunuyoruz. \u00c7elik evlerimiz, \u00e7evre dostu, yang\u0131n ve depreme dayan\u0131kl\u0131d\u0131r. Ayr\u0131ca, \u00e7elik evlerin uzun \u00f6m\u00fcrl\u00fc olmas\u0131 nedeniyle maliyet etkin bir konut se\u00e7ene\u011fi sunarlar. Siz de firmam\u0131zla ileti\u015fime ge\u00e7erek modern ve kaliteli bir \u00e7elik ev sahibi olabilirsiniz.<\/h2>\t\t<\/div>\n\t\t\t\t<\/div>\n\t\t\t\t\t<\/div>\n\t\t<\/div>\n\t\t\t\t\t\t\t<\/div>\n\t\t<\/section>\n\t\t\t\t<section class=\"elementor-section elementor-top-section elementor-element elementor-element-298df54 elementor-section-boxed elementor-section-height-default elementor-section-height-default\" data-id=\"298df54\" data-element_type=\"section\">\n\t\t\t\t\t\t<div class=\"elementor-container elementor-column-gap-default\">\n\t\t\t\t\t<div class=\"elementor-column elementor-col-100 elementor-top-column elementor-element elementor-element-cb33417\" data-id=\"cb33417\" data-element_type=\"column\">\n\t\t\t<div class=\"elementor-widget-wrap elementor-element-populated\">\n\t\t\t\t\t\t\t\t<div class=\"elementor-element elementor-element-3f4b49b elementor-grid-3 elementor-product-loop-item--align-center elementor-grid-tablet-3 elementor-grid-mobile-2 elementor-products-grid elementor-wc-products elementor-widget elementor-widget-woocommerce-products\" data-id=\"3f4b49b\" data-element_type=\"widget\" data-widget_type=\"woocommerce-products.default\">\n\t\t\t\t<div class=\"elementor-widget-container\">\n\t\t\t<link rel=\"stylesheet\" href=\"https:\/\/guvenliyasam.net\/wp-content\/plugins\/elementor-pro\/assets\/css\/widget-woocommerce.min.css\"><div class=\"woocommerce columns-3 \"><ul class=\"products elementor-grid columns-3\">\n<li class=\"product type-product post-6305 status-publish first instock product_cat-celik-evler has-post-thumbnail shipping-taxable product-type-simple\">\n\t<a href=\"https:\/\/guvenliyasam.net\/?product=34-m2-tek-katli-celik-ev\" class=\"woocommerce-LoopProduct-link woocommerce-loop-product__link\"><img loading=\"lazy\" decoding=\"async\" width=\"500\" height=\"500\" src=\"https:\/\/guvenliyasam.net\/wp-content\/uploads\/2023\/03\/Flora-500x500.jpeg\" class=\"attachment-woocommerce_thumbnail size-woocommerce_thumbnail\" alt=\"\" srcset=\"https:\/\/guvenliyasam.net\/wp-content\/uploads\/2023\/03\/Flora-500x500.jpeg 500w, https:\/\/guvenliyasam.net\/wp-content\/uploads\/2023\/03\/Flora-100x100.jpeg 100w, https:\/\/guvenliyasam.net\/wp-content\/uploads\/2023\/03\/Flora-150x150.jpeg 150w, https:\/\/guvenliyasam.net\/wp-content\/uploads\/2023\/03\/Flora-600x600.jpeg 600w\" sizes=\"(max-width: 500px) 100vw, 500px\" \/><span class=\"cat_product\">\u00c7elik Evler<\/span><h2 class=\"woocommerce-loop-product__title\">Arte 90 m2 Tek Katl\u0131 \u00c7elik Ev<\/h2>\n<\/a><a href=\"https:\/\/guvenliyasam.net\/?product=34-m2-tek-katli-celik-ev\" data-quantity=\"1\" class=\"button wp-element-button product_type_simple\" data-product_id=\"6305\" data-product_sku=\"\" aria-label=\"Read more about &ldquo;Arte 90 m2 Tek Katl\u0131 \u00c7elik Ev&rdquo;\" rel=\"nofollow\">\u0130ncele<\/a><\/li>\n<li class=\"product type-product post-6190 status-publish instock product_cat-celik-evler has-post-thumbnail shipping-taxable product-type-simple\">\n\t<a href=\"https:\/\/guvenliyasam.net\/?product=45-m2-iki-katli-21-prefabrik-ev\" class=\"woocommerce-LoopProduct-link woocommerce-loop-product__link\"><img loading=\"lazy\" decoding=\"async\" width=\"500\" height=\"500\" src=\"https:\/\/guvenliyasam.net\/wp-content\/uploads\/2023\/03\/prefabrik-4-500x500.jpg\" class=\"attachment-woocommerce_thumbnail size-woocommerce_thumbnail\" alt=\"\" srcset=\"https:\/\/guvenliyasam.net\/wp-content\/uploads\/2023\/03\/prefabrik-4-500x500.jpg 500w, https:\/\/guvenliyasam.net\/wp-content\/uploads\/2023\/03\/prefabrik-4-100x100.jpg 100w, https:\/\/guvenliyasam.net\/wp-content\/uploads\/2023\/03\/prefabrik-4-150x150.jpg 150w\" sizes=\"(max-width: 500px) 100vw, 500px\" \/><span class=\"cat_product\">\u00c7elik Evler<\/span><h2 class=\"woocommerce-loop-product__title\">Garden 149m2 C\u0327elik Ev<\/h2>\n<\/a><a href=\"https:\/\/guvenliyasam.net\/?product=45-m2-iki-katli-21-prefabrik-ev\" data-quantity=\"1\" class=\"button wp-element-button product_type_simple\" data-product_id=\"6190\" data-product_sku=\"\" aria-label=\"Read more about &ldquo;Garden 149m2 C\u0327elik Ev&rdquo;\" rel=\"nofollow\">\u0130ncele<\/a><\/li>\n<\/ul>\n<\/div>\t\t<\/div>\n\t\t\t\t<\/div>\n\t\t\t\t\t<\/div>\n\t\t<\/div>\n\t\t\t\t\t\t\t<\/div>\n\t\t<\/section>\n\t\t\t\t\t\t\t<\/div>\n\t\t","protected":false},"excerpt":{"rendered":"<p>\u00c7elik Evler \u00c7elik evler, modern, ekonomik ve dayan\u0131kl\u0131 bir konut se\u00e7ene\u011fidir. \u00c7elik evler, hafif \u00e7elik profillerden yap\u0131lm\u0131\u015ft\u0131r ve di\u011fer konut se\u00e7eneklerine g\u00f6re daha k\u0131sa bir in\u015faat s\u00fcresine sahiptir. Ayr\u0131ca \u00e7elik evler enerji verimlili\u011fi a\u00e7\u0131s\u0131ndan da olduk\u00e7a avantajl\u0131d\u0131r. Firmam\u0131z, \u00e7elik evlerin tasar\u0131m\u0131, \u00fcretimi ve sat\u0131\u015f\u0131 konusunda uzmanla\u015fm\u0131\u015ft\u0131r. M\u00fc\u015fterilerimize \u00f6zel olarak tasarlanm\u0131\u015f ve ihtiya\u00e7lar\u0131na uygun \u015fekilde \u00fcretilen [&hellip;]<\/p>\n","protected":false},"author":1,"featured_media":0,"parent":0,"menu_order":0,"comment_status":"closed","ping_status":"closed","template":"elementor_header_footer","meta":{"footnotes":""},"_links":{"self":[{"href":"https:\/\/guvenliyasam.net\/index.php?rest_route=\/wp\/v2\/pages\/6219"}],"collection":[{"href":"https:\/\/guvenliyasam.net\/index.php?rest_route=\/wp\/v2\/pages"}],"about":[{"href":"https:\/\/guvenliyasam.net\/index.php?rest_route=\/wp\/v2\/types\/page"}],"author":[{"embeddable":true,"href":"https:\/\/guvenliyasam.net\/index.php?rest_route=\/wp\/v2\/users\/1"}],"replies":[{"embeddable":true,"href":"https:\/\/guvenliyasam.net\/index.php?rest_route=%2Fwp%2Fv2%2Fcomments&post=6219"}],"version-history":[{"count":10,"href":"https:\/\/guvenliyasam.net\/index.php?rest_route=\/wp\/v2\/pages\/6219\/revisions"}],"predecessor-version":[{"id":6606,"href":"https:\/\/guvenliyasam.net\/index.php?rest_route=\/wp\/v2\/pages\/6219\/revisions\/6606"}],"wp:attachment":[{"href":"https:\/\/guvenliyasam.net\/index.php?rest_route=%2Fwp%2Fv2%2Fmedia&parent=6219"}],"curies":[{"name":"wp","href":"https:\/\/api.w.org\/{rel}","templated":true}]}}